 divisor of 44 and p?
4
Suppose -2*i + 7*i - 740 = 2*z, -i + 3*z = -135. What is the greatest common divisor of i and 850?
50
Suppose 3*d + 5 = j, 0 = -j + 2*j - 2*d - 5. Let x be (5 - j - 0) + 15/3. Let m be (-12)/(2/((-40)/6)). What is the greatest common factor of m and x?
5
Let w = -484 - -614. What is the greatest common factor of w and 26?
26
Let j(a) = 10*a**2 - 2*a - 20. Let n be j(-3). What is the highest common divisor of 133 and n?
19
Suppose -x + 0*x = -h + 3, 3*h - 25 = -x. Suppose -2*p + h = 5*f, -4*p = -f - 3*p. What is the greatest common factor of f and 11?
1
Suppose -26*r - 1060 = -10940. What is the highest common divisor of r and 20?
20
Let o = -40 - -21. Let j = 47 - o. Let h be 10/(280/1239) + 1/(-4). Calculate the highest common divisor of h and j.
22
Let p(h) = 39*h - 346. Let v be p(9). Calculate the greatest common factor of v and 45.
5
Suppose -5 - 3 = 2*b - 4*i, -i = -3*b + 3. Let m(r) = r**3 + r**2 - 4*r. Let x be m(b). What is the greatest common factor of 32 and x?
4
Let p(u) = 87*u + 699. Let h be p(19). What is the greatest common factor of 96 and h?
48
Suppose 70 + 109 = 3*q - v, -2*q - 3*v = -101. What is the greatest common factor of q and 10?
2
Let r(y) = 2*y**2 - 130*y + 113. Let t be r(66). What is the greatest common divisor of 196 and t?
49
Let d(i) = 15*i - 49. Let l be d(5). Calculate the greatest common factor of 208 and l.
26
Suppose -187*a = -180*a - 3325. What is the greatest common factor of a and 19?
19
Let g(w) = w**3 + 10*w**2 + 2*w + 23. Let t be g(-10). Suppose 5*b - t*b - 2*x = 42, -2*b + 7 = 5*x. What is the highest common factor of 8 and b?
8
Suppose -3*k + 19 + 9 = 5*t, 0 = 4*k + 3*t - 30. Calculate the highest common divisor of k and 27.
3
Let u(o) = -o**3 + 2*o**3 + 3*o**3 - 3*o**3 + 8*o**2 - 1. Let k be u(-6). Suppose -a + k + 61 = 0. What is the highest common factor of 12 and a?
12
Let v be 1/((-8)/10 - -1). Let l be -1 + 5 - (-123)/(15 - 12). Suppose -8*z + l = -v*z. Calculate the greatest common factor of z and 5.
5
Let g = 18 - -4. Suppose 4*o - 6 = 138. Let u = -3 + o. What is the highest common factor of g and u?
11
Let t = 11 + -17. Let u be (-36)/8*16/t. Calculate the highest common divisor of 48 and u.
12
Let v be (45/(-60))/((-2)/264). Let g(w) = -22*w**3 - w**2 + 1. Let d be g(-1). What is the greatest common divisor of d and v?
11
Let v be (-6180)/(-180) + (-5)/(-3). Let o be ((-6)/3)/(2/(-24)). Calculate the greatest common factor of o and v.
12
Suppose 2*i = p + 126, 2*i + 4*p - 252 = -2*i. Let j be (-3)/(-7) - 4100/28. Let k = -104 - j. Calculate the highest common divisor of i and k.
21
Let u(m) = 4*m**2 - 25*m + 123. Let y be u(-9). Calculate the highest common factor of 6 and y.
6
Let f = -129 - -305. What is the highest common factor of f and 22?
22
Let z = 343 - 337. Calculate the greatest common factor of z and 16.
2
Let i = -162 + 268. Let t = -43 + i. Suppose 5*d - 168 = -14*w, w = 5*d - 74 - 139. Calculate the greatest common divisor of d and t.
21
Let t(n) = 8*n**2 - 1. Let w be t(1). Let x be (10/35)/(2/28). Let p be 6 - ((-12)/x + 2). What is the greatest common factor of p and w?
7
Let z = -25 - -22. Let l be ((-183)/(-6) + z)/(5/10). What is the highest common divisor of 11 and l?
11
Let d be ((-2)/(-4))/(1/(-24)*1). Let c be 0 + 1 + 6/d*-6. What is the highest common divisor of 8 and c?
4
Let z(t) = -t + 21. Let v be z(18). Suppose 5*s - 4*m - 6 = 24, v*s - 4*m = 10. Calculate the greatest common factor of 80 and s.
10
Let v(z) = -439*z**3 - 3*z - 5. Let m be v(-1). What is the highest common factor of 46 and m?
23
Let p(t) = 32 - t**2 + 4*t - 41 + 6*t. Let x be p(6). Let f be x/(-30)*8*-1. Calculate the greatest common divisor of f and 4.
4
Suppose -68*w + 80*w = -384. Let s = -1 - -2. Let p be w/(-2) + (-1)/s. What is the greatest common divisor of 30 and p?
15
Let a be ((-6)/(-15))/(19/950). What is the greatest common factor of 1140 and a?
20
Let a(b) = 3*b**2 + b - 17. Let r(y) = y**3 + 8*y**2 - 17*y + 24. Let c be r(-10). Let x be a(c). What is the highest common divisor of 17 and x?
17
Suppose -4*i + 3*i = -18. Let u = i + -5. Let j = 338 + -234. What is the highest common divisor of j and u?
13
Suppose 45*l - 1960 = 10*l. Suppose 0 = -5*w + 267 + 153. Calculate the highest common factor of w and l.
28
Let s = 40 - 35. Suppose 25 - 295 = -s*p. Calculate the greatest common factor of 6 and p.
6
Let l(i) = 49*i - 63. Let d be l(6). Calculate the highest common factor of d and 847.
77
Let x = -11 - -13. Suppose -60 = -5*r + x*r. What is the highest common divisor of r and 4?
4
Let u(o) = -3*o**2 + 31*o + 2. Let g be u(9). Calculate the highest common factor of 76 and g.
38
Let s be (4 + -6)/6*-3. Let i(y) be the first derivative of 12*y**2 + 2. Let f be i(s). What is the greatest common divisor of 8 and f?
8
Let y(w) = -87*w**3 + 2*w**2 - 1. Let i be y(-1). Let u = 5377 + -5355. Calculate the highest common divisor of u and i.
22
Let f be (1 - -5)*(-26)/52. Let o be (15/(-6)*8)/(1/f). Suppose -3*d = -61 - 59. Calculate the highest common factor of d and o.
20
Let d = 12 + 64. Let j = d + -75. What is the greatest common factor of j and 8?
1
Let a = -95 + 175. Let o(w) = 40*w - 2. Let x be o(2). Suppose 2*g = -v + x, -3*g - g + 4*v = -168. What is the greatest common divisor of a and g?
40
Suppose -2*g + 96 = -4*b, 0 = 2*g + 5*b - 7*b - 98. Suppose 48*n = g*n - 144. What is the greatest common factor of 9 and n?
9
Let n be ((-12)/(-7))/((-1)/7). Let q = 106 - 99. Let k = q - n. Calculate the highest common divisor of k and 19.
19
Suppose 123 + 177 = 6*k. Calculate the highest common factor of k and 400.
50
Suppose -54 = -5*g - 4*g. Suppose 264 = -t + g*t + 2*z, -201 = -4*t - 5*z. Let j = 17 + -11. Calculate the highest common factor of j and t.
6
Let z(y) = y**2 - 2*y + 20. Let h be z(0). Suppose -3*f + 0*f + 2*v = -h, 5*f - 75 = -5*v. Let k = f + -6. What is the greatest common divisor of 6 and k?
2
Let b be (174/8)/((-6)/(-16)). Let o be 3/18 - b/(-12). Let z(a) = -a**3 + 6*a**2 - 2*a - 5. Let f be z(o). What is the highest common factor of f and 30?
10
Let q(n) = -n**2 - 24*n + 3. Let j be q(-24). What is the greatest common factor of j and 51?
3
Let q = -4 - -4. Let d(w) = w**3 - 10*w**2 - 10*w - 8. Let m be d(11). Suppose q = m*s - s - 32. What is the highest common divisor of s and 32?
16
Let l(u) = u**3 + 10*u**2 + 13*u + 9. Let t be l(-8). Suppose 3*q - 10 - 2 = 0. Let z be (-4)/(4/(-88)*q). Calculate the highest common factor of z and t.
11
Let q = 1012 - 928. What is the greatest common divisor of 2688 and q?
84
Suppose -b = -5*j + 355, -5 = -3*b + 4*b. Suppose 0 = -5*m + 2*x + j, 3 = -m - 4*x - 5. What is the highest common divisor of 6 and m?
6
Let v = 255 + -212. What is the greatest common divisor of 387 and v?
43
Let w be (-4)/18 + 1346/(-18). Let s = w + 101. Suppose -3*g = -a - 625, 2*a + 626 = 2*g + g. What is the highest common divisor of g and s?
26
Let t = 1219 - 949. Calculate the greatest common divisor of t and 990.
90
Let p be (-2 + 2 + -3)/(18/(-222)). Calculate the highest common factor of 37 and p.
37
Suppose -14*n + 20*n - 36 = 0. What is the greatest common divisor of 174 and n?
6
Let r = 176 + -144. Calculate the greatest common divisor of r and 1.
1
Let j(q) = -3*q + 12. Let n(w) = -w. Let y = -19 - -15. Let t(v) = y*n(v) + j(v). Let a be t(-6). What is the highest common divisor of 12 and a?
6
Let w = -1371 - -2020. Calculate the greatest common divisor of 11 and w.
11
Let q be (-2)/(-3) - 12/(-9). Suppose 6 - 42 = -q*t. Suppose 0 = x - 7*x + 108. Calculate the highest common factor of x and t.
18
Suppose -13 = -3*q + 2*q + v, -4*q = 2*v - 34. Suppose 31*j = 20*j + 165. What is the greatest common factor of q and j?
5
Suppose -a = -171 + 3. Let n be -4 - ((-2)/(-4))/((72/9)/(-288)). What is the greatest common divisor of a and n?
14
Let p = 59 - 26. Let k = p + -12. Suppose -t = t + d - 165, 0 = -t + 3*d + 93. What is the highest common factor of t and k?
21
Let l = 431 + -386. Calculate the highest common factor of 18 and l.
9
Suppose 0*b + 23*b - 69 = 0. Let z be (-17)/(-4) + (-6)/24. What is the greatest common divisor of b and z?
1
Suppose -2*q + 30 = t, -4*t - 1 - 5 = -q. What is the greatest common factor of